{"id":814,"date":"2018-02-01T21:41:59","date_gmt":"2018-02-01T21:41:59","guid":{"rendered":"http:\/\/www.lourdesverein.ch\/blog\/?page_id=814"},"modified":"2021-03-07T08:01:53","modified_gmt":"2021-03-07T08:01:53","slug":"40-jahre-lourdespilgerverein-st-gallen-einladung-zur-40-hauptversammlung","status":"publish","type":"page","link":"https:\/\/www.lourdesverein.ch\/blog\/programm\/40-jahre-lourdespilgerverein-st-gallen-einladung-zur-40-hauptversammlung\/","title":{"rendered":"Rundschreiben zur brieflichen Abstimmung anstelle der Mitgliederversammlung 2021 vom 14. M\u00e4rz 2021"},"content":{"rendered":"<p>Aufgrund der Coronavirus-Pandemie und den damit vorgeschriebenen Massnahmen hat der Vorstand des \u00abLourdesvereins St. Gallen und Umgebung\u00bb beschlossen, die j\u00e4hrliche Mitgliederversammlung \u2018physisch\u2019 als briefliche Abstimmung zu vollziehen. Einige Informationen zum vergangenen Vereinsjahr erhalten Sie in diesem Schreiben. Ebenso liegt das Protokoll der HV vom 8. M\u00e4rz 2020 bei. Die einzigen statutarisch erforderlichen Gesch\u00e4fte des Vereins in diesem Jahr sind die Wahlen der Pr\u00e4sidentin, des Vorstandes und den Revisoren und die Abstimmung der Jahresrechnung 2020, was brieflich abgewickelt wird (s. Punkt 1 &#8211; 4).<\/p>\n<ol>\n<li><strong>Protokoll HV vom 8. M\u00e4rz 2020<\/strong><\/li>\n<\/ol>\n<p>Das Protokoll der letzten HV 2020, finden Sie als Kopie in der Beilage.<\/p>\n<p><em>Frage 1<\/em>: Wollen Sie das Protokoll genehmigen? Ja\/Nein<\/p>\n<ol start=\"2\">\n<li><strong>Kurzbericht der Pr\u00e4sidentin zum Vereinsjahr<\/strong><\/li>\n<\/ol>\n<p>Die HV ist im \u00fcblichen Rahmen abgelaufen. Im Begegnungszentrum im Neudorf hatten wir Gastrecht und wurden sehr freundlich aufgenommen. Den Rosenkranz konnten wir Gottseidank monatlich durchf\u00fchren. Herzlichen Dank an den Organisten, Gallus Bischoff, und an die Messmerin der Wallfahrtskirche, Dile Nicola. Sofern es ihm m\u00f6glich ist, schaut jeweils auch Pater Paul Zingg vorbei.<\/p>\n<p><em>Frage 2<\/em>: Wollen Sie den Jahresbericht der Pr\u00e4sidentin annehmen? Ja\/Nein<\/p>\n<ol start=\"3\">\n<li><strong>Jahresrechnung \/ Revisorenbericht 2020<\/strong><\/li>\n<\/ol>\n<p>Der 3. Punkt betrifft die Jahresrechnung 2020, welche Sie als Kopie in der Beilage finden.<\/p>\n<p><em>Frage 3<\/em>: Wollen Sie die Jahresrechnung sowie Revisorenbericht genehmigen? Ja\/Nein<\/p>\n<ol start=\"4\">\n<li><strong>Wahlen<\/strong><\/li>\n<\/ol>\n<p>Da die Mitgliederversammlung mit pers\u00f6nlicher Pr\u00e4senz in diesem Jahr nicht stattfindet, haben Sie die M\u00f6glichkeit, Ihre Stimme brieflich abzugeben.<\/p>\n<p><em>Frage 4<\/em>: Wollen Sie die Pr\u00e4sidentin, Judith G\u00e4hwiler, sowie den Vorstand und die Revisoren f\u00fcr eine weitere Amtszeit w\u00e4hlen \u00a0\u00a0\u00a0\u00a0\u00a0\u00a0\u00a0\u00a0 &#8211;\u00a0\u00a0\u00a0\u00a0\u00a0\u00a0\u00a0\u00a0\u00a0 je ein \u00a0\u00a0\u00a0\u00a0\u00a0 &#8211;\u00a0\u00a0\u00a0\u00a0\u00a0\u00a0\u00a0\u00a0\u00a0 Ja\/Nein<\/p>\n<ol start=\"5\">\n<li><strong>Festsetzen des Jahresbeitrages <\/strong><\/li>\n<\/ol>\n<p>Der Vorstand schl\u00e4gt vor, die Jahresbeitr\u00e4ge zu belassen.<\/p>\n<ol start=\"6\">\n<li><strong>Verschiedenes \/ Umfrage<\/strong><\/li>\n<\/ol>\n<p><em>&#8211; Ausflug: <\/em>ob es uns dieses Jahr geg\u00f6nnt ist, einen Ausflug zu machen? Bleibt offen.<\/p>\n<p>&#8211; <em>Lourdes-Unterst\u00fctzung:<\/em> wenn wir wieder angefragt werden um finanzielle Unterst\u00fctzung, dann werden wir zwei weitere \u2018blue chairs\u2019 finanzieren. Diese dienen am Flughafen Tarbes zum schnelleren Transport beeintr\u00e4chtigter Menschen und sind auch dort stationiert.<\/p>\n<ol start=\"7\">\n<li><strong>Briefliche Wahl und Abstimmung<\/strong><\/li>\n<\/ol>\n<p>Notieren Sie bitte Ihre Antworten auf dem beigelegten Antwortblatt und <strong><em><u>senden Sie dieses bitte bis 19.03.2021<\/u><\/em><\/strong> an die vorgedruckte Adresse, welche auf dem Antwortblatt notiert ist.<\/p>\n<p>Oder Sie bringen das Antwortblatt mit zur hl. Messe am 14.03.2021.<\/p>\n<p>\u00dcber die Resultate informieren wir Sie im Anschluss. Es gilt das einfache Mehr der eingegangenen Stimmen auf dem Postweg. Diese k\u00f6nnen auch auf unserer Webseite, <a href=\"http:\/\/www.lourdesverein.ch\/\">www.lourdesverein.ch<\/a> nachgesehen werden.<\/p>\n<p>Wir bitten alle Mitglieder um die Einzahlung des Jahresbeitrages in der H\u00f6he von 10 Fr. f\u00fcr Einzelmitglieder, 15 Fr. f\u00fcr Familien. Ein Einzahlungsschein liegt bei.<\/p>","protected":false},"excerpt":{"rendered":"<p>Aufgrund der Coronavirus-Pandemie und den damit vorgeschriebenen Massnahmen hat der Vorstand des \u00abLourdesvereins St. Gallen und Umgebung\u00bb beschlossen, die j\u00e4hrliche Mitgliederversammlung \u2018physisch\u2019 als briefliche Abstimmung zu vollziehen. Einige Informationen zum vergangenen Vereinsjahr erhalten Sie in diesem Schreiben. Ebenso liegt das &hellip; <a href=\"https:\/\/www.lourdesverein.ch\/blog\/programm\/40-jahre-lourdespilgerverein-st-gallen-einladung-zur-40-hauptversammlung\/\">Weiterlesen <span class=\"meta-nav\">&rarr;<\/span><\/a><\/p>\n","protected":false},"author":2,"featured_media":0,"parent":13,"menu_order":0,"comment_status":"closed","ping_status":"closed","template":"","meta":{"footnotes":""},"class_list":["post-814","page","type-page","status-publish","hentry"],"_links":{"self":[{"href":"https:\/\/www.lourdesverein.ch\/blog\/wp-json\/wp\/v2\/pages\/814","targetHints":{"allow":["GET"]}}],"collection":[{"href":"https:\/\/www.lourdesverein.ch\/blog\/wp-json\/wp\/v2\/pages"}],"about":[{"href":"https:\/\/www.lourdesverein.ch\/blog\/wp-json\/wp\/v2\/types\/page"}],"author":[{"embeddable":true,"href":"https:\/\/www.lourdesverein.ch\/blog\/wp-json\/wp\/v2\/users\/2"}],"replies":[{"embeddable":true,"href":"https:\/\/www.lourdesverein.ch\/blog\/wp-json\/wp\/v2\/comments?post=814"}],"version-history":[{"count":8,"href":"https:\/\/www.lourdesverein.ch\/blog\/wp-json\/wp\/v2\/pages\/814\/revisions"}],"predecessor-version":[{"id":986,"href":"https:\/\/www.lourdesverein.ch\/blog\/wp-json\/wp\/v2\/pages\/814\/revisions\/986"}],"up":[{"embeddable":true,"href":"https:\/\/www.lourdesverein.ch\/blog\/wp-json\/wp\/v2\/pages\/13"}],"wp:attachment":[{"href":"https:\/\/www.lourdesverein.ch\/blog\/wp-json\/wp\/v2\/media?parent=814"}],"curies":[{"name":"wp","href":"https:\/\/api.w.org\/{rel}","templated":true}]}}

Rundschreiben zur brieflichen Abstimmung anstelle der Mitgliederversammlung 2021 vom 14. März 2021

<p>Aufgrund der Coronavirus-Pandemie und den damit vorgeschriebenen Massnahmen hat der Vorstand des «Lourdesvereins St. Gallen und Umgebung» beschlossen, die jährliche Mitgliederversammlung ‘physisch’ als briefliche Abstimmung zu vollziehen. Einige Informationen zum vergangenen Vereinsjahr erhalten Sie in diesem Schreiben. Ebenso liegt das Protokoll der HV vom 8. März 2020 bei. Die einzigen statutarisch erforderlichen Geschäfte des Vereins in diesem Jahr sind die Wahlen der Präsidentin, des Vorstandes und den Revisoren und die Abstimmung der Jahresrechnung 2020, was brieflich abgewickelt wird (s. Punkt 1 &#8211; 4).</p>
<ol>
<li><strong>Protokoll HV vom 8. März 2020</strong></li>
</ol>
<p>Das Protokoll der letzten HV 2020, finden Sie als Kopie in der Beilage.</p>
<p><em>Frage 1</em>: Wollen Sie das Protokoll genehmigen? Ja/Nein</p>
<ol start="2">
<li><strong>Kurzbericht der Präsidentin zum Vereinsjahr</strong></li>
</ol>
<p>Die HV ist im üblichen Rahmen abgelaufen. Im Begegnungszentrum im Neudorf hatten wir Gastrecht und wurden sehr freundlich aufgenommen. Den Rosenkranz konnten wir Gottseidank monatlich durchführen. Herzlichen Dank an den Organisten, Gallus Bischoff, und an die Messmerin der Wallfahrtskirche, Dile Nicola. Sofern es ihm möglich ist, schaut jeweils auch Pater Paul Zingg vorbei.</p>
<p><em>Frage 2</em>: Wollen Sie den Jahresbericht der Präsidentin annehmen? Ja/Nein</p>
<ol start="3">
<li><strong>Jahresrechnung / Revisorenbericht 2020</strong></li>
</ol>
<p>Der 3. Punkt betrifft die Jahresrechnung 2020, welche Sie als Kopie in der Beilage finden.</p>
<p><em>Frage 3</em>: Wollen Sie die Jahresrechnung sowie Revisorenbericht genehmigen? Ja/Nein</p>
<ol start="4">
<li><strong>Wahlen</strong></li>
</ol>
<p>Da die Mitgliederversammlung mit persönlicher Präsenz in diesem Jahr nicht stattfindet, haben Sie die Möglichkeit, Ihre Stimme brieflich abzugeben.</p>
<p><em>Frage 4</em>: Wollen Sie die Präsidentin, Judith Gähwiler, sowie den Vorstand und die Revisoren für eine weitere Amtszeit wählen          &#8211;          je ein       &#8211;          Ja/Nein</p>
<ol start="5">
<li><strong>Festsetzen des Jahresbeitrages </strong></li>
</ol>
<p>Der Vorstand schlägt vor, die Jahresbeiträge zu belassen.</p>
<ol start="6">
<li><strong>Verschiedenes / Umfrage</strong></li>
</ol>
<p><em>&#8211; Ausflug: </em>ob es uns dieses Jahr gegönnt ist, einen Ausflug zu machen? Bleibt offen.</p>
<p>&#8211; <em>Lourdes-Unterstützung:</em> wenn wir wieder angefragt werden um finanzielle Unterstützung, dann werden wir zwei weitere ‘blue chairs’ finanzieren. Diese dienen am Flughafen Tarbes zum schnelleren Transport beeinträchtigter Menschen und sind auch dort stationiert.</p>
<ol start="7">
<li><strong>Briefliche Wahl und Abstimmung</strong></li>
</ol>
<p>Notieren Sie bitte Ihre Antworten auf dem beigelegten Antwortblatt und <strong><em><u>senden Sie dieses bitte bis 19.03.2021</u></em></strong> an die vorgedruckte Adresse, welche auf dem Antwortblatt notiert ist.</p>
<p>Oder Sie bringen das Antwortblatt mit zur hl. Messe am 14.03.2021.</p>
<p>Über die Resultate informieren wir Sie im Anschluss. Es gilt das einfache Mehr der eingegangenen Stimmen auf dem Postweg. Diese können auch auf unserer Webseite, <a href="http://www.lourdesverein.ch/">www.lourdesverein.ch</a> nachgesehen werden.</p>
<p>Wir bitten alle Mitglieder um die Einzahlung des Jahresbeitrages in der Höhe von 10 Fr. für Einzelmitglieder, 15 Fr. für Familien. Ein Einzahlungsschein liegt bei.</p>

<p>Aufgrund der Coronavirus-Pandemie und den damit vorgeschriebenen Massnahmen hat der Vorstand des «Lourdesvereins St. Gallen und Umgebung» beschlossen, die jährliche Mitgliederversammlung ‘physisch’ als briefliche Abstimmung zu vollziehen. Einige Informationen zum vergangenen Vereinsjahr erhalten Sie in diesem Schreiben. Ebenso liegt das &hellip; <a href="https://www.lourdesverein.ch/blog/programm/40-jahre-lourdespilgerverein-st-gallen-einladung-zur-40-hauptversammlung/">Weiterlesen <span class="meta-nav">&rarr;</span></a></p>
