{"id":21,"date":"2012-12-05T10:50:23","date_gmt":"2012-12-05T10:50:23","guid":{"rendered":"http:\/\/www.lourdesverein.ch\/blog\/?page_id=21"},"modified":"2020-03-30T10:12:45","modified_gmt":"2020-03-30T10:12:45","slug":"links","status":"publish","type":"page","link":"https:\/\/www.lourdesverein.ch\/blog\/links\/","title":{"rendered":"Links"},"content":{"rendered":"<h1>\u00dcber Lourdes allgemein<\/h1>\n<table class=\"contenttable\">\n<tbody>\n<tr>\n<td><a href=\"http:\/\/www.lourdes.ch\" target=\"_blank\" rel=\"noopener noreferrer\">Schweizer Lourdesseite<\/a><\/td>\n<td>Hier finden Sie Infos rund um die Interdi\u00f6zesane Lourdeswallfahrt<\/td>\n<\/tr>\n<tr>\n<td><a href=\"http:\/\/www.lourdes-france.org\/index.php?goto_centre=ru&amp;contexte=de&amp;id=1169\" target=\"_blank\" rel=\"noopener noreferrer\">Wallfahrtsst\u00e4tte Lourdes<\/a><\/td>\n<td>Offizielle Seite der Wallfahrtsst\u00e4tte Lourdes<\/td>\n<\/tr>\n<tr>\n<td><a href=\"http:\/\/www.lourdes-magazin.com\" target=\"_blank\" rel=\"noopener noreferrer\">Lourdes Magazin<\/a><\/td>\n<td>Das Offizielle Lourdesmagazin<\/td>\n<\/tr>\n<tr>\n<td><a href=\"http:\/\/www.lourdes2008.com\/index_de.html\" target=\"_blank\" rel=\"noopener noreferrer\">150 Jahre Lourdes<\/a><\/td>\n<td>Offizielle Jubil\u00e4umsseite von Lourdes<\/td>\n<\/tr>\n<tr>\n<td><a class=\"external-link-new-window\" title=\"Opens external link in new window\" href=\"http:\/\/www.sarganserland-walensee.ch\/lourdesgrotten\/lourdesgrotten.htm\" target=\"_blank\" rel=\"noopener noreferrer\">Lourdesgrotten im Sarganserland<\/a><\/td>\n<td>Fotos und Texte zu Lourdesgrotten im Sarganserland<\/td>\n<\/tr>\n<tr>\n<td><a href=\"http:\/\/evangeliumtagfuertag.org\/\" target=\"_blank\" rel=\"noopener noreferrer\">Evangelium Tag f\u00fcr Tag<\/a><\/td>\n<td>T\u00e4glich die frohe Botschaft per E-Mail erhalten<\/td>\n<\/tr>\n<\/tbody>\n<\/table>\n<div id=\"c116\" class=\"csc-default\">\n<h1>Lourdespilgervereine<\/h1>\n<table class=\"contenttable\">\n<tbody>\n<tr>\n<td><a href=\"http:\/\/www.lpv-solothurn.ch\/\" target=\"_blank\" rel=\"noopener noreferrer\">Lourdesverein Solothurn<\/a><\/td>\n<td>Webpage des Lourdespilgervereins des Kantons Solothurn.<\/td>\n<\/tr>\n<tr>\n<td rowspan=\"1\"><a title=\"external-link-new-window\" href=\"http:\/\/www.lpv-baden.ch\" target=\"\/\" rel=\"noopener noreferrer\">Lourdesverein Baden<\/a><\/td>\n<td rowspan=\"1\">Webpage des Lourdespilgervereins von Baden.<\/td>\n<\/tr>\n<tr>\n<td rowspan=\"1\"><a class=\"external-link-new-window\" title=\"Opens external link in new window\" href=\"http:\/\/www.lourdesverein.org\/\" target=\"_blank\" rel=\"noopener noreferrer\">Lourdesverein Luzern 1<\/a><\/td>\n<td rowspan=\"1\">Webpage des Lourdespilgervereins von Luzern Region 1<\/td>\n<\/tr>\n<tr>\n<td rowspan=\"1\"><a class=\"external-link-new-window\" title=\"Opens external link in new window\" href=\"http:\/\/lpv-sarganserland.ch\" target=\"_blank\" rel=\"noopener noreferrer\">Lourdesverein Sarganserland<\/a><\/td>\n<td rowspan=\"1\">Webpage des Lourdespilgervereins Sarganserland 1<\/td>\n<\/tr>\n<tr>\n<td rowspan=\"1\"><a class=\"external-link-new-window\" title=\"Opens external link in new window\" href=\"http:\/\/www.lpv-fricktal.ch\/\" target=\"_blank\" rel=\"noopener noreferrer\">Lourdesvereins Fricktal<\/a><\/td>\n<td rowspan=\"1\">Webpage des Lourdespilgervereins Fricktal<\/td>\n<\/tr>\n<tr>\n<td rowspan=\"1\"><a class=\"external-link-new-window\" href=\"http:\/\/www.lpv-wil.ch\/\" target=\"_blank\" rel=\"noopener noreferrer\">Lourdesverein Wil und Umgebung<\/a><\/td>\n<td rowspan=\"1\">Webpage des Lourdespilgervereins Wil und Umgebung<\/td>\n<\/tr>\n<\/tbody>\n<\/table>\n<\/div>\n<p><!--TYPO3SEARCH_end--><\/p>","protected":false},"excerpt":{"rendered":"<p>\u00dcber Lourdes allgemein Schweizer Lourdesseite Hier finden Sie Infos rund um die Interdi\u00f6zesane Lourdeswallfahrt Wallfahrtsst\u00e4tte Lourdes Offizielle Seite der Wallfahrtsst\u00e4tte Lourdes Lourdes Magazin Das Offizielle Lourdesmagazin 150 Jahre Lourdes Offizielle Jubil\u00e4umsseite von Lourdes Lourdesgrotten im Sarganserland Fotos und Texte zu &hellip; <a href=\"https:\/\/www.lourdesverein.ch\/blog\/links\/\">Weiterlesen <span class=\"meta-nav\">&rarr;<\/span><\/a><\/p>\n","protected":false},"author":1,"featured_media":348,"parent":0,"menu_order":0,"comment_status":"closed","ping_status":"closed","template":"","meta":{"footnotes":""},"class_list":["post-21","page","type-page","status-publish","has-post-thumbnail","hentry"],"_links":{"self":[{"href":"https:\/\/www.lourdesverein.ch\/blog\/wp-json\/wp\/v2\/pages\/21","targetHints":{"allow":["GET"]}}],"collection":[{"href":"https:\/\/www.lourdesverein.ch\/blog\/wp-json\/wp\/v2\/pages"}],"about":[{"href":"https:\/\/www.lourdesverein.ch\/blog\/wp-json\/wp\/v2\/types\/page"}],"author":[{"embeddable":true,"href":"https:\/\/www.lourdesverein.ch\/blog\/wp-json\/wp\/v2\/users\/1"}],"replies":[{"embeddable":true,"href":"https:\/\/www.lourdesverein.ch\/blog\/wp-json\/wp\/v2\/comments?post=21"}],"version-history":[{"count":8,"href":"https:\/\/www.lourdesverein.ch\/blog\/wp-json\/wp\/v2\/pages\/21\/revisions"}],"predecessor-version":[{"id":981,"href":"https:\/\/www.lourdesverein.ch\/blog\/wp-json\/wp\/v2\/pages\/21\/revisions\/981"}],"wp:featuredmedia":[{"embeddable":true,"href":"https:\/\/www.lourdesverein.ch\/blog\/wp-json\/wp\/v2\/media\/348"}],"wp:attachment":[{"href":"https:\/\/www.lourdesverein.ch\/blog\/wp-json\/wp\/v2\/media?parent=21"}],"curies":[{"name":"wp","href":"https:\/\/api.w.org\/{rel}","templated":true}]}}

<h1>Über Lourdes allgemein</h1>
<table class="contenttable">
<tbody>
<tr>
<td><a href="http://www.lourdes.ch" target="_blank" rel="noopener noreferrer">Schweizer Lourdesseite</a></td>
<td>Hier finden Sie Infos rund um die Interdiözesane Lourdeswallfahrt</td>
</tr>
<tr>
<td><a href="http://www.lourdes-france.org/index.php?goto_centre=ru&amp;contexte=de&amp;id=1169" target="_blank" rel="noopener noreferrer">Wallfahrtsstätte Lourdes</a></td>
<td>Offizielle Seite der Wallfahrtsstätte Lourdes</td>
</tr>
<tr>
<td><a href="http://www.lourdes-magazin.com" target="_blank" rel="noopener noreferrer">Lourdes Magazin</a></td>
<td>Das Offizielle Lourdesmagazin</td>
</tr>
<tr>
<td><a href="http://www.lourdes2008.com/index_de.html" target="_blank" rel="noopener noreferrer">150 Jahre Lourdes</a></td>
<td>Offizielle Jubiläumsseite von Lourdes</td>
</tr>
<tr>
<td><a class="external-link-new-window" title="Opens external link in new window" href="http://www.sarganserland-walensee.ch/lourdesgrotten/lourdesgrotten.htm" target="_blank" rel="noopener noreferrer">Lourdesgrotten im Sarganserland</a></td>
<td>Fotos und Texte zu Lourdesgrotten im Sarganserland</td>
</tr>
<tr>
<td><a href="http://evangeliumtagfuertag.org/" target="_blank" rel="noopener noreferrer">Evangelium Tag für Tag</a></td>
<td>Täglich die frohe Botschaft per E-Mail erhalten</td>
</tr>
</tbody>
</table>
<div id="c116" class="csc-default">
<h1>Lourdespilgervereine</h1>
<table class="contenttable">
<tbody>
<tr>
<td><a href="http://www.lpv-solothurn.ch/" target="_blank" rel="noopener noreferrer">Lourdesverein Solothurn</a></td>
<td>Webpage des Lourdespilgervereins des Kantons Solothurn.</td>
</tr>
<tr>
<td rowspan="1"><a title="external-link-new-window" href="http://www.lpv-baden.ch" target="/" rel="noopener noreferrer">Lourdesverein Baden</a></td>
<td rowspan="1">Webpage des Lourdespilgervereins von Baden.</td>
</tr>
<tr>
<td rowspan="1"><a class="external-link-new-window" title="Opens external link in new window" href="http://www.lourdesverein.org/" target="_blank" rel="noopener noreferrer">Lourdesverein Luzern 1</a></td>
<td rowspan="1">Webpage des Lourdespilgervereins von Luzern Region 1</td>
</tr>
<tr>
<td rowspan="1"><a class="external-link-new-window" title="Opens external link in new window" href="http://lpv-sarganserland.ch" target="_blank" rel="noopener noreferrer">Lourdesverein Sarganserland</a></td>
<td rowspan="1">Webpage des Lourdespilgervereins Sarganserland 1</td>
</tr>
<tr>
<td rowspan="1"><a class="external-link-new-window" title="Opens external link in new window" href="http://www.lpv-fricktal.ch/" target="_blank" rel="noopener noreferrer">Lourdesvereins Fricktal</a></td>
<td rowspan="1">Webpage des Lourdespilgervereins Fricktal</td>
</tr>
<tr>
<td rowspan="1"><a class="external-link-new-window" href="http://www.lpv-wil.ch/" target="_blank" rel="noopener noreferrer">Lourdesverein Wil und Umgebung</a></td>
<td rowspan="1">Webpage des Lourdespilgervereins Wil und Umgebung</td>
</tr>
</tbody>
</table>
</div>
<p><!--TYPO3SEARCH_end--></p>

<p>Über Lourdes allgemein Schweizer Lourdesseite Hier finden Sie Infos rund um die Interdiözesane Lourdeswallfahrt Wallfahrtsstätte Lourdes Offizielle Seite der Wallfahrtsstätte Lourdes Lourdes Magazin Das Offizielle Lourdesmagazin 150 Jahre Lourdes Offizielle Jubiläumsseite von Lourdes Lourdesgrotten im Sarganserland Fotos und Texte zu &hellip; <a href="https://www.lourdesverein.ch/blog/links/">Weiterlesen <span class="meta-nav">&rarr;</span></a></p>
